{"id":538,"date":"2026-04-02T20:56:05","date_gmt":"2026-04-02T20:56:05","guid":{"rendered":"https:\/\/krealyne.com\/index.php\/home-5\/"},"modified":"2026-04-02T20:58:21","modified_gmt":"2026-04-02T20:58:21","slug":"home-5","status":"publish","type":"page","link":"https:\/\/krealyne.com\/","title":{"rendered":"Home"},"content":{"rendered":"\t\t<div data-elementor-type=\"wp-page\" data-elementor-id=\"538\" class=\"elementor elementor-538\" data-elementor-post-type=\"page\">\n\t\t\t\t<div class=\"elementor-element elementor-element-49f8bd39 e-con-full e-flex e-con e-parent\" data-id=\"49f8bd39\" data-element_type=\"container\" data-e-type=\"container\">\n\t\t<div class=\"elementor-element elementor-element-35a4f6fb e-con-full e-flex e-con e-parent\" data-id=\"35a4f6fb\" data-element_type=\"container\" data-e-type=\"container\" data-settings=\"{&quot;background_background&quot;:&quot;classic&quot;}\">\n\t\t\t\t<\/div>\n\t\t<div class=\"elementor-element elementor-element-39f1fa01 e-con-full e-flex e-con e-parent\" data-id=\"39f1fa01\" data-element_type=\"container\" data-e-type=\"container\" data-settings=\"{&quot;background_background&quot;:&quot;classic&quot;}\">\n\t\t\t\t<div class=\"elementor-element elementor-element-4fe2629f elementor-cta--skin-classic elementor-animated-content elementor-bg-transform elementor-bg-transform-zoom-in elementor-widget elementor-widget-call-to-action\" data-id=\"4fe2629f\" data-element_type=\"widget\" data-e-type=\"widget\" data-widget_type=\"call-to-action.default\">\n\t\t\t\t\t\t\t<div class=\"elementor-cta\">\n\t\t\t\t\t\t\t<div class=\"elementor-cta__content\">\n\t\t\t\t\n\t\t\t\t\t\t\t\t\t<h2 class=\"elementor-cta__title elementor-cta__content-item elementor-content-item\">\n\t\t\t\t\t\tHandmade wooden accesories\t\t\t\t\t<\/h2>\n\t\t\t\t\n\t\t\t\t\t\t\t\t\t<div class=\"elementor-cta__description elementor-cta__content-item elementor-content-item\">\n\t\t\t\t\t\tTimeless pieces for of everyday rituals\t\t\t\t\t<\/div>\n\t\t\t\t\n\t\t\t\t\t\t\t\t\t<div class=\"elementor-cta__button-wrapper elementor-cta__content-item elementor-content-item \">\n\t\t\t\t\t<a class=\"elementor-cta__button elementor-button elementor-size-\" href=\"https:\/\/krealyne.com\/?p=12\">\n\t\t\t\t\t\tShop Now  \u27f6\t\t\t\t\t<\/a>\n\t\t\t\t\t<\/div>\n\t\t\t\t\t\t\t<\/div>\n\t\t\t\t\t\t<\/div>\n\t\t\t\t\t\t<\/div>\n\t\t\t\t<\/div>\n\t\t\t\t<\/div>\n\t\t<div class=\"elementor-element elementor-element-4d1645d0 e-flex e-con-boxed e-con e-parent\" data-id=\"4d1645d0\" data-element_type=\"container\" data-e-type=\"container\" data-settings=\"{&quot;background_background&quot;:&quot;classic&quot;,&quot;background_motion_fx_motion_fx_scrolling&quot;:&quot;yes&quot;,&quot;background_motion_fx_scale_effect&quot;:&quot;yes&quot;,&quot;background_motion_fx_scale_direction&quot;:&quot;out-in&quot;,&quot;background_motion_fx_scale_speed&quot;:{&quot;unit&quot;:&quot;px&quot;,&quot;size&quot;:4,&quot;sizes&quot;:[]},&quot;background_motion_fx_scale_range&quot;:{&quot;unit&quot;:&quot;%&quot;,&quot;size&quot;:&quot;&quot;,&quot;sizes&quot;:{&quot;start&quot;:20,&quot;end&quot;:80}},&quot;background_motion_fx_devices&quot;:[&quot;desktop&quot;,&quot;tablet&quot;,&quot;mobile&quot;]}\">\n\t\t\t\t\t<div class=\"e-con-inner\">\n\t\t\t\t<div class=\"elementor-element elementor-element-773a6d9c elementor-widget elementor-widget-heading\" data-id=\"773a6d9c\" data-element_type=\"widget\" data-e-type=\"widget\" data-widget_type=\"heading.default\">\n\t\t\t\t\t<h2 class=\"elementor-heading-title elementor-size-default\">Home goods<\/h2>\t\t\t\t<\/div>\n\t\t\t\t<div class=\"elementor-element elementor-element-1a580c5f elementor-widget elementor-widget-text-editor\" data-id=\"1a580c5f\" data-element_type=\"widget\" data-e-type=\"widget\" data-widget_type=\"text-editor.default\">\n\t\t\t\t\t\t\t\t\t<p>A short description introducing your business and products to visitors.<\/p>\t\t\t\t\t\t\t\t<\/div>\n\t\t\t\t<div class=\"elementor-element elementor-element-7a3b107c elementor-align-center elementor-widget elementor-widget-button\" data-id=\"7a3b107c\" data-element_type=\"widget\" data-e-type=\"widget\" data-widget_type=\"button.default\">\n\t\t\t\t\t\t\t\t\t\t<a class=\"elementor-button elementor-button-link elementor-size-sm\" href=\"https:\/\/krealyne.com\/index.php\/shop-3\/\">\n\t\t\t\t\t\t<span class=\"elementor-button-content-wrapper\">\n\t\t\t\t\t\t\t\t\t<span class=\"elementor-button-text\">Shop Now<\/span>\n\t\t\t\t\t<\/span>\n\t\t\t\t\t<\/a>\n\t\t\t\t\t\t\t\t<\/div>\n\t\t\t\t\t<\/div>\n\t\t\t\t<\/div>\n\t\t<div class=\"elementor-element elementor-element-51305b21 e-flex e-con-boxed e-con e-parent\" data-id=\"51305b21\" data-element_type=\"container\" data-e-type=\"container\" data-settings=\"{&quot;background_background&quot;:&quot;classic&quot;}\">\n\t\t\t\t\t<div class=\"e-con-inner\">\n\t\t\t\t<div class=\"elementor-element elementor-element-79179fd3 elementor-widget elementor-widget-heading\" data-id=\"79179fd3\" data-element_type=\"widget\" data-e-type=\"widget\" data-widget_type=\"heading.default\">\n\t\t\t\t\t<h2 class=\"elementor-heading-title elementor-size-default\">Tablewear<\/h2>\t\t\t\t<\/div>\n\t\t\t\t<div class=\"elementor-element elementor-element-4281e982 elementor-widget elementor-widget-text-editor\" data-id=\"4281e982\" data-element_type=\"widget\" data-e-type=\"widget\" data-widget_type=\"text-editor.default\">\n\t\t\t\t\t\t\t\t\t<p>A short description introducing your products to visitors.<\/p>\t\t\t\t\t\t\t\t<\/div>\n\t\t\t\t<div class=\"elementor-element elementor-element-107955c3 elementor-align-center elementor-widget elementor-widget-button\" data-id=\"107955c3\" data-element_type=\"widget\" data-e-type=\"widget\" data-widget_type=\"button.default\">\n\t\t\t\t\t\t\t\t\t\t<a class=\"elementor-button elementor-button-link elementor-size-sm\" href=\"https:\/\/krealyne.com\/index.php\/shop-3\/\">\n\t\t\t\t\t\t<span class=\"elementor-button-content-wrapper\">\n\t\t\t\t\t\t\t\t\t<span class=\"elementor-button-text\">Shop Now<\/span>\n\t\t\t\t\t<\/span>\n\t\t\t\t\t<\/a>\n\t\t\t\t\t\t\t\t<\/div>\n\t\t\t\t\t<\/div>\n\t\t\t\t<\/div>\n\t\t<div class=\"elementor-element elementor-element-3acf57f7 e-flex e-con-boxed e-con e-parent\" data-id=\"3acf57f7\" data-element_type=\"container\" data-e-type=\"container\">\n\t\t\t\t\t<div class=\"e-con-inner\">\n\t\t\t\t<div class=\"elementor-element elementor-element-b66c6f elementor-widget elementor-widget-heading\" data-id=\"b66c6f\" data-element_type=\"widget\" data-e-type=\"widget\" data-widget_type=\"heading.default\">\n\t\t\t\t\t<h2 class=\"elementor-heading-title elementor-size-default\">Shop New Arrivals<\/h2>\t\t\t\t<\/div>\n\t\t\t\t<div class=\"elementor-element elementor-element-3c27eca4 elementor-grid-3 elementor-grid-mobile-1 elementor-grid-tablet-3 elementor-products-grid elementor-wc-products elementor-widget elementor-widget-woocommerce-products\" data-id=\"3c27eca4\" data-element_type=\"widget\" data-e-type=\"widget\" data-widget_type=\"woocommerce-products.default\">\n\t\t\t\t<div class=\"elementor-widget-container\">\n\t\t\t\t\t<div class=\"woocommerce columns-3 \"><ul class=\"products elementor-grid columns-3\">\n<li class=\"product type-product post-566 status-publish first instock product_cat-tablewear has-post-thumbnail shipping-taxable purchasable product-type-simple\">\n\t<a href=\"https:\/\/krealyne.com\/index.php\/produit\/wooden-tea-set\/\" class=\"woocommerce-LoopProduct-link woocommerce-loop-product__link\"><img loading=\"lazy\" decoding=\"async\" width=\"300\" height=\"300\" src=\"https:\/\/krealyne.com\/wp-content\/uploads\/2022\/09\/173_Wooden_Accessories_Store-Product_18-Featured-300x300.jpg\" class=\"attachment-woocommerce_thumbnail size-woocommerce_thumbnail\" alt=\"Wooden Tea Set\" srcset=\"https:\/\/krealyne.com\/wp-content\/uploads\/2022\/09\/173_Wooden_Accessories_Store-Product_18-Featured-300x300.jpg 300w, https:\/\/krealyne.com\/wp-content\/uploads\/2022\/09\/173_Wooden_Accessories_Store-Product_18-Featured-150x150.jpg 150w, https:\/\/krealyne.com\/wp-content\/uploads\/2022\/09\/173_Wooden_Accessories_Store-Product_18-Featured-768x768.jpg 768w, https:\/\/krealyne.com\/wp-content\/uploads\/2022\/09\/173_Wooden_Accessories_Store-Product_18-Featured-600x600.jpg 600w, https:\/\/krealyne.com\/wp-content\/uploads\/2022\/09\/173_Wooden_Accessories_Store-Product_18-Featured-100x100.jpg 100w, https:\/\/krealyne.com\/wp-content\/uploads\/2022\/09\/173_Wooden_Accessories_Store-Product_18-Featured.jpg 784w\" sizes=\"auto, (max-width: 300px) 100vw, 300px\" \/><h2 class=\"woocommerce-loop-product__title\">Wooden Tea Set<\/h2>\n\t<span class=\"price\"><span class=\"woocs_price_code\" data-currency=\"\" data-redraw-id=\"69d0169510da4\"  data-product-id=\"566\"><span class=\"woocommerce-Price-amount amount\"><bdi><span class=\"woocommerce-Price-currencySymbol\">&euro;<\/span>&nbsp;52,00<\/bdi><\/span><\/span><\/span>\n<\/a><a href=\"\/index.php\/wp-json\/wp\/v2\/pages\/538?add-to-cart=566\" aria-describedby=\"woocommerce_loop_add_to_cart_link_describedby_566\" data-quantity=\"1\" class=\"button product_type_simple add_to_cart_button ajax_add_to_cart\" data-product_id=\"566\" data-product_sku=\"211869\" aria-label=\"Ajouter au panier\u00a0: &ldquo;Wooden Tea Set&rdquo;\" rel=\"nofollow\" data-success_message=\"\u00ab\u00a0Wooden Tea Set\u00a0\u00bb a \u00e9t\u00e9 ajout\u00e9 \u00e0 votre panier\" role=\"button\">Ajouter au panier<\/a>\t<span id=\"woocommerce_loop_add_to_cart_link_describedby_566\" class=\"screen-reader-text\">\n\t\t\t<\/span>\n<\/li>\n<li class=\"product type-product post-565 status-publish instock product_cat-tablewear has-post-thumbnail shipping-taxable purchasable product-type-simple\">\n\t<a href=\"https:\/\/krealyne.com\/index.php\/produit\/medium-plate\/\" class=\"woocommerce-LoopProduct-link woocommerce-loop-product__link\"><img loading=\"lazy\" decoding=\"async\" width=\"300\" height=\"300\" src=\"https:\/\/krealyne.com\/wp-content\/uploads\/2022\/09\/173_Wooden_Accessories_Store-Product_17-Featured-300x300.jpg\" class=\"attachment-woocommerce_thumbnail size-woocommerce_thumbnail\" alt=\"Medium Plate\" srcset=\"https:\/\/krealyne.com\/wp-content\/uploads\/2022\/09\/173_Wooden_Accessories_Store-Product_17-Featured-300x300.jpg 300w, https:\/\/krealyne.com\/wp-content\/uploads\/2022\/09\/173_Wooden_Accessories_Store-Product_17-Featured-150x150.jpg 150w, https:\/\/krealyne.com\/wp-content\/uploads\/2022\/09\/173_Wooden_Accessories_Store-Product_17-Featured-768x768.jpg 768w, https:\/\/krealyne.com\/wp-content\/uploads\/2022\/09\/173_Wooden_Accessories_Store-Product_17-Featured-600x600.jpg 600w, https:\/\/krealyne.com\/wp-content\/uploads\/2022\/09\/173_Wooden_Accessories_Store-Product_17-Featured-100x100.jpg 100w, https:\/\/krealyne.com\/wp-content\/uploads\/2022\/09\/173_Wooden_Accessories_Store-Product_17-Featured.jpg 784w\" sizes=\"auto, (max-width: 300px) 100vw, 300px\" \/><h2 class=\"woocommerce-loop-product__title\">Medium Plate<\/h2>\n\t<span class=\"price\"><span class=\"woocs_price_code\" data-currency=\"\" data-redraw-id=\"69d016951164b\"  data-product-id=\"565\"><span class=\"woocommerce-Price-amount amount\"><bdi><span class=\"woocommerce-Price-currencySymbol\">&euro;<\/span>&nbsp;52,00<\/bdi><\/span><\/span><\/span>\n<\/a><a href=\"\/index.php\/wp-json\/wp\/v2\/pages\/538?add-to-cart=565\" aria-describedby=\"woocommerce_loop_add_to_cart_link_describedby_565\" data-quantity=\"1\" class=\"button product_type_simple add_to_cart_button ajax_add_to_cart\" data-product_id=\"565\" data-product_sku=\"211868\" aria-label=\"Ajouter au panier\u00a0: &ldquo;Medium Plate&rdquo;\" rel=\"nofollow\" data-success_message=\"\u00ab\u00a0Medium Plate\u00a0\u00bb a \u00e9t\u00e9 ajout\u00e9 \u00e0 votre panier\" role=\"button\">Ajouter au panier<\/a>\t<span id=\"woocommerce_loop_add_to_cart_link_describedby_565\" class=\"screen-reader-text\">\n\t\t\t<\/span>\n<\/li>\n<li class=\"product type-product post-564 status-publish last instock product_cat-vases has-post-thumbnail shipping-taxable purchasable product-type-simple\">\n\t<a href=\"https:\/\/krealyne.com\/index.php\/produit\/morning-refreshment\/\" class=\"woocommerce-LoopProduct-link woocommerce-loop-product__link\"><img loading=\"lazy\" decoding=\"async\" width=\"300\" height=\"300\" src=\"https:\/\/krealyne.com\/wp-content\/uploads\/2022\/09\/173_Wooden_Accessories_Store-Product_16-Featured-300x300.jpg\" class=\"attachment-woocommerce_thumbnail size-woocommerce_thumbnail\" alt=\"Morning Refreshment\" srcset=\"https:\/\/krealyne.com\/wp-content\/uploads\/2022\/09\/173_Wooden_Accessories_Store-Product_16-Featured-300x300.jpg 300w, https:\/\/krealyne.com\/wp-content\/uploads\/2022\/09\/173_Wooden_Accessories_Store-Product_16-Featured-150x150.jpg 150w, https:\/\/krealyne.com\/wp-content\/uploads\/2022\/09\/173_Wooden_Accessories_Store-Product_16-Featured-768x768.jpg 768w, https:\/\/krealyne.com\/wp-content\/uploads\/2022\/09\/173_Wooden_Accessories_Store-Product_16-Featured-600x600.jpg 600w, https:\/\/krealyne.com\/wp-content\/uploads\/2022\/09\/173_Wooden_Accessories_Store-Product_16-Featured-100x100.jpg 100w, https:\/\/krealyne.com\/wp-content\/uploads\/2022\/09\/173_Wooden_Accessories_Store-Product_16-Featured.jpg 784w\" sizes=\"auto, (max-width: 300px) 100vw, 300px\" \/><h2 class=\"woocommerce-loop-product__title\">Morning Refreshment<\/h2>\n\t<span class=\"price\"><span class=\"woocs_price_code\" data-currency=\"\" data-redraw-id=\"69d0169511d62\"  data-product-id=\"564\"><span class=\"woocommerce-Price-amount amount\"><bdi><span class=\"woocommerce-Price-currencySymbol\">&euro;<\/span>&nbsp;52,00<\/bdi><\/span><\/span><\/span>\n<\/a><a href=\"\/index.php\/wp-json\/wp\/v2\/pages\/538?add-to-cart=564\" aria-describedby=\"woocommerce_loop_add_to_cart_link_describedby_564\" data-quantity=\"1\" class=\"button product_type_simple add_to_cart_button ajax_add_to_cart\" data-product_id=\"564\" data-product_sku=\"211867\" aria-label=\"Ajouter au panier\u00a0: &ldquo;Morning Refreshment&rdquo;\" rel=\"nofollow\" data-success_message=\"\u00ab\u00a0Morning Refreshment\u00a0\u00bb a \u00e9t\u00e9 ajout\u00e9 \u00e0 votre panier\" role=\"button\">Ajouter au panier<\/a>\t<span id=\"woocommerce_loop_add_to_cart_link_describedby_564\" class=\"screen-reader-text\">\n\t\t\t<\/span>\n<\/li>\n<\/ul>\n<\/div>\t\t\t\t<\/div>\n\t\t\t\t<\/div>\n\t\t\t\t<div class=\"elementor-element elementor-element-7c6a7a2 elementor-align-center elementor-widget elementor-widget-button\" data-id=\"7c6a7a2\" data-element_type=\"widget\" data-e-type=\"widget\" data-widget_type=\"button.default\">\n\t\t\t\t\t\t\t\t\t\t<a class=\"elementor-button elementor-button-link elementor-size-sm\" href=\"https:\/\/krealyne.com\/index.php\/shop-3\/\">\n\t\t\t\t\t\t<span class=\"elementor-button-content-wrapper\">\n\t\t\t\t\t\t\t\t\t<span class=\"elementor-button-text\">Shop Now<\/span>\n\t\t\t\t\t<\/span>\n\t\t\t\t\t<\/a>\n\t\t\t\t\t\t\t\t<\/div>\n\t\t\t\t\t<\/div>\n\t\t\t\t<\/div>\n\t\t<div class=\"elementor-element elementor-element-1b226200 e-con-full e-flex e-con e-parent\" data-id=\"1b226200\" data-element_type=\"container\" data-e-type=\"container\" data-settings=\"{&quot;background_background&quot;:&quot;classic&quot;,&quot;background_motion_fx_motion_fx_scrolling&quot;:&quot;yes&quot;,&quot;background_motion_fx_scale_effect&quot;:&quot;yes&quot;,&quot;background_motion_fx_scale_direction&quot;:&quot;in-out&quot;,&quot;background_motion_fx_scale_speed&quot;:{&quot;unit&quot;:&quot;px&quot;,&quot;size&quot;:4,&quot;sizes&quot;:[]},&quot;background_motion_fx_scale_range&quot;:{&quot;unit&quot;:&quot;%&quot;,&quot;size&quot;:&quot;&quot;,&quot;sizes&quot;:{&quot;start&quot;:20,&quot;end&quot;:80}},&quot;background_motion_fx_devices&quot;:[&quot;desktop&quot;,&quot;tablet&quot;,&quot;mobile&quot;]}\">\n\t\t<div class=\"elementor-element elementor-element-56a3deab e-flex e-con-boxed e-con e-parent\" data-id=\"56a3deab\" data-element_type=\"container\" data-e-type=\"container\" data-settings=\"{&quot;background_background&quot;:&quot;classic&quot;}\">\n\t\t\t\t\t<div class=\"e-con-inner\">\n\t\t\t\t<div class=\"elementor-element elementor-element-353fd238 elementor-widget elementor-widget-heading\" data-id=\"353fd238\" data-element_type=\"widget\" data-e-type=\"widget\" data-widget_type=\"heading.default\">\n\t\t\t\t\t<h2 class=\"elementor-heading-title elementor-size-default\">Contemporary wooden handMade pieces<\/h2>\t\t\t\t<\/div>\n\t\t\t\t<div class=\"elementor-element elementor-element-12480e46 elementor-widget elementor-widget-text-editor\" data-id=\"12480e46\" data-element_type=\"widget\" data-e-type=\"widget\" data-widget_type=\"text-editor.default\">\n\t\t\t\t\t\t\t\t\t<p>Lorem ipsum dolor sit amet, consectet adipiscing\u00a0elit,sed do eiusm por incididut labore et dolore magna aliqua. Ut enim ad minim veniam.<\/p>\t\t\t\t\t\t\t\t<\/div>\n\t\t\t\t<div class=\"elementor-element elementor-element-79f21787 elementor-widget elementor-widget-button\" data-id=\"79f21787\" data-element_type=\"widget\" data-e-type=\"widget\" data-widget_type=\"button.default\">\n\t\t\t\t\t\t\t\t\t\t<a class=\"elementor-button elementor-button-link elementor-size-sm\" href=\"https:\/\/krealyne.com\/index.php\/shop-3\/\">\n\t\t\t\t\t\t<span class=\"elementor-button-content-wrapper\">\n\t\t\t\t\t\t\t\t\t<span class=\"elementor-button-text\">Shop Now<\/span>\n\t\t\t\t\t<\/span>\n\t\t\t\t\t<\/a>\n\t\t\t\t\t\t\t\t<\/div>\n\t\t\t\t\t<\/div>\n\t\t\t\t<\/div>\n\t\t\t\t<\/div>\n\t\t\t\t<\/div>\n\t\t","protected":false},"excerpt":{"rendered":"<p>Handmade wooden accesories Timeless pieces for of everyday rituals Shop Now \u27f6 Home goods A short description introducing your business and products to visitors. Shop Now Tablewear A short description introducing your products to visitors. Shop Now Shop New Arrivals Shop Now Contemporary wooden handMade pieces Lorem ipsum dolor sit amet, consectet adipiscing\u00a0elit,sed do eiusm [&hellip;]<\/p>\n","protected":false},"author":1,"featured_media":546,"parent":0,"menu_order":0,"comment_status":"closed","ping_status":"closed","template":"elementor_header_footer","meta":{"footnotes":""},"class_list":["post-538","page","type-page","status-publish","has-post-thumbnail","hentry"],"jetpack_sharing_enabled":true,"_links":{"self":[{"href":"https:\/\/krealyne.com\/index.php\/wp-json\/wp\/v2\/pages\/538","targetHints":{"allow":["GET"]}}],"collection":[{"href":"https:\/\/krealyne.com\/index.php\/wp-json\/wp\/v2\/pages"}],"about":[{"href":"https:\/\/krealyne.com\/index.php\/wp-json\/wp\/v2\/types\/page"}],"author":[{"embeddable":true,"href":"https:\/\/krealyne.com\/index.php\/wp-json\/wp\/v2\/users\/1"}],"replies":[{"embeddable":true,"href":"https:\/\/krealyne.com\/index.php\/wp-json\/wp\/v2\/comments?post=538"}],"version-history":[{"count":4,"href":"https:\/\/krealyne.com\/index.php\/wp-json\/wp\/v2\/pages\/538\/revisions"}],"predecessor-version":[{"id":627,"href":"https:\/\/krealyne.com\/index.php\/wp-json\/wp\/v2\/pages\/538\/revisions\/627"}],"wp:featuredmedia":[{"embeddable":true,"href":"https:\/\/krealyne.com\/index.php\/wp-json\/wp\/v2\/media\/546"}],"wp:attachment":[{"href":"https:\/\/krealyne.com\/index.php\/wp-json\/wp\/v2\/media?parent=538"}],"curies":[{"name":"wp","href":"https:\/\/api.w.org\/{rel}","templated":true}]}}